e prime factors of i?
2, 3, 5, 7
Let y = -38 - -308. What are the prime factors of y/12*2/1?
3, 5
Suppose 0 = -j + 3*x + 1750 + 1396, 15708 = 5*j - 4*x. List the prime factors of j.
2, 5, 157
Let d(l) = -l**2 - 3*l. Let b(u) = u - 6. Let z be b(4). Let v be d(z). Suppose 0 = 2*a - v*i - 76, i = -a + 3*a - 81. What are the prime factors of a?
43
Suppose -5*s - a + 2762 = 0, -18*a - 1114 = -2*s - 23*a. What are the prime factors of s?
2, 3, 23
Suppose -4*z = -3*g + 121, g = -2*g - 2*z + 97. Let j be (-4)/(-10) + 126/g. Suppose 76 = 2*t - 5*c, c - 190 = -9*t + j*t. List the prime factors of t.
2, 19
Let w(r) = -r**3 + 6*r**2 + 8*r + 29. List the prime factors of w(-6).
7, 59
Let a = 37 + -13. Suppose 6*r - 2*r = 140. Suppose -2*v + 3*k = -r, 4*v = 3*v - 5*k + a. What are the prime factors of v?
19
List the prime factors of (-2)/(-5 - -4) + 1259.
13, 97
Let d = -307 + 760. List the prime factors of d.
3, 151
Suppose -19368 = -34*o - 3184. What are the prime factors of o?
2, 7, 17
Suppose 10 = 3*w + 2*z, -5*w - 4 = 4*z - 18. Let o be (-6 + 0/1)*-10. Suppose -2*r + o = 2*m, 5*m - w = 3*m. What are the prime factors of r?
3
Let b = -2317 - -5716. List the prime factors of b.
3, 11, 103
Suppose 0 = 3*k + 2 - 14. Suppose -5*h = 2*b - 43 + 10, -k*h - 3*b + 32 = 0. Suppose -h*g - 30 = -75. List the prime factors of g.
3
Suppose -2*k + 545 = -153. Let s = -170 + k. What are the prime factors of s?
179
Suppose 317*g - 322*g = -11305. List the prime factors of g.
7, 17, 19
Suppose 0 = 2*r - 3*r - 10. What are the prime factors of 8*(-25)/r + -4?
2
Let x = 21 - 22. List the prime factors of x/(-2)*202 + 1.
2, 3, 17
Suppose -4*t - 17 = 255. Let w = t + 204. List the prime factors of w.
2, 17
Suppose 8*d - 23*d = -20175. List the prime factors of d.
5, 269
Suppose -4*b + 801 = n - 3*b, 0 = -5*b. List the prime factors of n.
3, 89
Let y = -12 + 8. Let w be ((-32)/(-12) + y)*3. What are the prime factors of (-17 + 9)*3/w?
2, 3
Let w(s) = s**3 + 7*s**2 - 11*s + 6. Let c be w(-8). Suppose 4*l + c = -l. Let o = -4 - l. List the prime factors of o.
2
Suppose 5*g - 7422 = -5*h + 11018, 5 = -5*g. List the prime factors of (-3)/2 - h/(-62).
2, 29
Let q = 51 + -8. Let x(z) = z**3 - 9*z**2 + 12*z - 5. Let b be x(7). Let v = q + b. What are the prime factors of v?
2, 3
Suppose 2*d = -8, -5*x + 2977 = -28*d + 25*d. What are the prime factors of x?
593
Let z = -3 - -11. Suppose z*o - 835 = 1197. What are the prime factors of o?
2, 127
Let y(u) = 13*u**2 + 5*u + 12. List the prime factors of y(-10).
2, 631
Suppose -8*y = -y - 28. Suppose -l - 375 + 57 = -5*b, 5*l + 246 = y*b. What are the prime factors of b?
2
Suppose -7*h = -10 + 3. Let u = h - -24. What are the prime factors of u?
5
Let o(t) = -2*t**3 - 31*t**2 - 12*t - 7. What are the prime factors of o(-16)?
3, 7
Suppose -3 = 2*p - 11. Suppose 700 = 4*l - p*n, 0*n + 2*n = -3*l + 505. What are the prime factors of l?
3, 19
Suppose -2*i + 3*l + 109 = 0, 3*i - 152 = -3*l - 26. What are the prime factors of i?
47
List the prime factors of (-2600)/(-15)*9*28/105.
2, 13
Suppose -5*s = 5*m - 180, -3*s - 5*m + 0 + 100 = 0. Let p = -11 + 15. Suppose -p*z = -2*z - s. What are the prime factors of z?
2, 5
Let n(x) = -5*x**3 - x + 7*x + 4*x**3 + 8*x**2 + 2. What are the prime factors of n(7)?
3, 31
Let i = 14 + -1. Let x = i + -11. Suppose 0 = 5*s - 2*y + y - 194, x*y = -s + 30. List the prime factors of s.
2, 19
Let b be ((-4)/(-5))/(17/(-85)). List the prime factors of (-274)/(-18) + b/18.
3, 5
Let i = 65 - -289. What are the prime factors of i?
2, 3, 59
Suppose -1904 = -6*c + 556. List the prime factors of c.
2, 5, 41
Let l be -3*(4 + 13/(-3)). Let r(o) = 81*o + 3. List the prime factors of r(l).
2, 3, 7
Let v(m) = -m**2 - 11*m - 8. Let h be v(-10). Suppose 2*z - 78 = -3*z - 4*a, -h*a = 3*z - 48. Suppose 3*t = -z + 105. What are the prime factors of t?
29
Suppose 0 = 5*z - c - 7 + 19, 0 = -2*z - 4*c - 18. Let v be (-100)/(-12) + 1/z. Let x = v - -1. What are the prime factors of x?
3
Let d(h) = -124*h - 60. List the prime factors of d(-3).
2, 3, 13
Suppose -3*i - l + 8 = -i, 3*l - 12 = 0. Suppose 2 = -4*c - i. What are the prime factors of c + -2 + (2 - -38)?
37
Suppose 0 = -23*q + 34982 + 22541. What are the prime factors of q?
41, 61
List the prime factors of 2*(-21)/98 + 3086/14.
2, 5, 11
Suppose -3*m - 3*m = 114. Let w(r) = -3*r + 26. List the prime factors of w(m).
83
Let t = -23 + 30. Suppose -19 = -t*s - 89. Let i = s + 53. List the prime factors of i.
43
Suppose 5394 - 344 = 10*a. List the prime factors of a.
5, 101
Suppose 0 = -36*m + 80596 + 49904. List the prime factors of m.
5, 29
Let y(k) be the third derivative of 0*k - 4*k**2 - 1/2*k**3 - 1/3*k**4 + 0. What are the prime factors of y(-3)?
3, 7
Suppose 4 = -k + 5*k. Let q be (-72)/60*(-5)/3. Let o = q + k. What are the prime factors of o?
3
Suppose 19 = -5*z + 2*z + k, -2*z = 4*k - 6. Let n(p) = 12*p**2 - 11*p - 37. What are the prime factors of n(z)?
2, 3, 53
Let j(c) = -c**3 + 10*c**2 - 13*c + 18. Let w be j(9). Let g(q) = -7*q - 47. Let i(n) = 2*n + 12. Let a(s) = w*i(s) - 4*g(s). List the prime factors of a(-8).
2, 3
Suppose 6*s + 13*s = 19513. What are the prime factors of s?
13, 79
Let l = 22 + 20. Let c = l - -7. Let d = c - 25. What are the prime factors of d?
2, 3
Suppose 11540 + 5635 = 25*r. List the prime factors of r.
3, 229
Suppose 10*r - 14529 = 1291. What are the prime factors of r?
2, 7, 113
Suppose -2*n - 3*l + 969 = 0, l - 1456 - 15 = -3*n. List the prime factors of n.
2, 3, 41
Let h(z) = 9*z + 2. Let x be h(2). Let y = 36 - x. List the prime factors of (3 - y/6)*141.
47
Let c(g) = 9 + 30*g**3 - 29*g**3 + 27*g - 11*g + 14*g**2. Let t be c(-12). Suppose -4*y + 5*o + t = 0, -y + 30 = 3*o - 8*o. What are the prime factors of y?
5
What are the prime factors of (-14)/((-86)/330 - (-8)/40)?
3, 7, 11
Let s = -724 + 740. Let q(v) = v**3 + 6*v**2 + 4*v + 7. Let b be q(-5). Suppose -b*l = -10*l - s. What are the prime factors of l?
2
Suppose 10702 = 3*b - 167. What are the prime factors of b?
3623
Let d(i) be the second derivative of -i**3/6 + 7*i**2/2 + 9*i. Let z be d(4). Suppose 4*h = -3*b + 10, 0 = z*b + 2*h - 15 - 5. What are the prime factors of b?
2, 5
Suppose -15*d - 128 = -17*d. Suppose -2*o - 2*o + 68 = 0. Suppose -w + o = m, -5*m - 3*w + d = -5*w. What are the prime factors of m?
2, 7
What are the prime factors of ((-1964)/(-12) + 4)*12?
2, 503
Let b = 1165 + -730. What are the prime factors of b?
3, 5, 29
Let f be 6000/225 - ((-2)/6 - -1). Let h be (1 - 4/3)*-3. Let r = f - h. List the prime factors of r.
5
Suppose -3172 = 8*c + 1852. List the prime factors of 1/(c/(-312) + -2).
2, 3, 13
Let o = 49 + -58. Let h = 112 + o. What are the prime factors of h?
103
Let m be (190 + (-3 - -4))/1. Let n = 496 - m. List the prime factors of n.
5, 61
Let g be (-7 - -4)*(-130)/(-6). What are the prime factors of (-3029)/g + 2/5?
47
Let o(v) = -7*v - 127. Let q be o(-20). Let j be (-1)/((-2)/(-16) + 0). Let c = j + q. What are the prime factors of c?
5
Suppose 0*z = -4*z - 3*o + 672, -3*z + 483 = -3*o. List the prime factors of 5/5*z + 4.
13
Let a(p) be the second derivative of p**5/20 - 7*p**4/6 + 2*p**3/3 - 9*p**2 + 25*p. What are the prime factors of a(14)?
2, 19
Suppose 49*h - 27*h = 49324. What are the prime factors of h?
2, 19, 59
Let m be 13*-3*1/(-3). Let c(r) = -8*r**2 + r. Let i be c(-1). Let j = m + i. What are the prime factors of j?
2
Let g = 0 - 2. Let p be (-18)/22 - (-2)/(-11). List the prime factors of (12 - p)*(-4)/g.
2, 13
Let c = 65 + -34. Let f = 64 - c. List the prime factors of f.
3, 11
Let i(d) = -70*d + 93. List the prime factors of i(-6).
3, 19
Suppose 33891 = -588*r + 601*r. What are the prime factors of r?
3, 11, 79
Let b(y) = 8*y**2 - 15*y + 10. List the prime factors of b(-5).
3, 5, 19
Let u(p) = p**3 + p**2 + 27*p - 2. List the prime factors of u(9).
1051
Suppose m - 132 = 4*q, 1 = -3*m + q + 342. Let o = m - 55. What are the prime factors of o?
3, 19
Let i = 41 + -66. Let n be ((-116)/(-8))/((-1)/6). Let j = i - n. List the prime factors of j.
2, 31
List the prime factors of (674/8)/(30/720).
2, 3, 337
Suppose 14*l + 9262 = 41994. List the prime factors of l.
2, 7, 167
Let k = 2614 - 1772. List the prime factors of k.
2, 42